216.
213
Calculate the remainder when 276 is divided by 92.
0
What is the remainder when 1319 is divided by 220?
219
What is the remainder when 236 is divided by 60?
56
Calculate the remainder when 25 is divided by 17.
8
What is the remainder when 1946 is divided by 65?
61
Calculate the remainder when 548 is divided by 123.
56
Calculate the remainder when 1636 is divided by 78.
76
What is the remainder when 939 is divided by 168?
99
What is the remainder when 77 is divided by 19?
1
What is the remainder when 330 is divided by 13?
5
What is the remainder when 13495 is divided by 17?
14
What is the remainder when 127 is divided by 40?
7
Calculate the remainder when 9877 is divided by 20.
17
What is the remainder when 75 is divided by 29?
17
What is the remainder when 311 is divided by 81?
68
Calculate the remainder when 230 is divided by 178.
52
What is the remainder when 181 is divided by 56?
13
Calculate the remainder when 4383 is divided by 32.
31
What is the remainder when 21 is divided by 4?
1
Calculate the remainder when 50 is divided by 10.
0
Calculate the remainder when 1211 is divided by 40.
11
What is the remainder when 4115 is divided by 30?
5
Calculate the remainder when 548 is divided by 29.
26
What is the remainder when 17598 is divided by 50?
48
What is the remainder when 21356 is divided by 63?
62
Calculate the remainder when 54 is divided by 24.
6
What is the remainder when 286 is divided by 81?
43
What is the remainder when 908 is divided by 183?
176
Calculate the remainder when 385 is divided by 47.
9
What is the remainder when 3602 is divided by 35?
32
What is the remainder when 111 is divided by 29?
24
Calculate the remainder when 603 is divided by 3.
0
What is the remainder when 61 is divided by 42?
19
What is the remainder when 313 is divided by 19?
9
Calculate the remainder when 602 is divided by 122.
114
Calculate the remainder when 16438 is divided by 21.
16
Calculate the remainder when 449 is divided by 9.
8
Calculate the remainder when 1250 is divided by 414.
8
What is the remainder when 38 is divided by 11?
5
What is the remainder when 89 is divided by 64?
25
Calculate the remainder when 423 is divided by 111.
90
Calculate the remainder when 7382 is divided by 142.
140
Calculate the remainder when 984 is divided by 43.
38
What is the remainder when 83 is divided by 4?
3
Calculate the remainder when 4896 is divided by 49.
45
What is the remainder when 136 is divided by 62?
12
What is the remainder when 562 is divided by 42?
16
Calculate the remainder when 461 is divided by 91.
6
What is the remainder when 1712 is divided by 35?
32
Calculate the remainder when 3990 is divided by 235.
230
Calculate the remainder when 60 is divided by 22.
16
What is the remainder when 657 is divided by 22?
19
What is the remainder when 4 is divided by 3?
1
What is the remainder when 371 is divided by 34?
31
What is the remainder when 42 is divided by 11?
9
Calculate the remainder when 188 is divided by 65.
58
Calculate the remainder when 61 is divided by 3.
1
What is the remainder when 1674 is divided by 35?
29
Calculate the remainder when 138 is divided by 11.
6
Calculate the remainder when 118 is divided by 8.
6
Calculate the remainder when 67 is divided by 63.
4
Calculate the remainder when 2364 is divided by 11.
10
What is the remainder when 212 is divided by 77?
58
What is the remainder when 6563 is divided by 65?
63
Calculate the remainder when 241 is divided by 28.
17
What is the remainder when 23449 is divided by 11?
8
Calculate the remainder when 218 is divided by 106.
6
Calculate the remainder when 3167 is divided by 21.
17
What is the remainder when 1284 is divided by 98?
10
Calculate the remainder when 78 is divided by 33.
12
What is the remainder when 939 is divided by 929?
10
Calculate the remainder when 19 is divided by 11.
8
Calculate the remainder when 528 is divided by 163.
39
Calculate the remainder when 97 is divided by 90.
7
Calculate the remainder when 5195 is divided by 46.
43
Calculate the remainder when 253 is divided by 19.
6
Calculate the remainder when 235 is divided by 12.
7
What is the remainder when 8398 is divided by 24?
22
What is the remainder when 201 is divided by 51?
48
What is the remainder when 93 is divided by 73?
20
What is the remainder when 86 is divided by 75?
11
What is the remainder when 20927 is divided by 91?
88
Calculate the remainder when 635 is divided by 152.
27
What is the remainder when 251 is divided by 36?
35
What is the remainder when 2124 is divided by 20?
4
What is the remainder when 1113 is divided by 161?
147
What is the remainder when 1092 is divided by 3?
0
What is the remainder when 217 is divided by 17?
13
What is the remainder when 397 is divided by 9?
1
What is the remainder when 7146 is divided by 50?
46
Calculate the remainder when 1703 is divided by 12.
11
What is the remainder when 2071 is divided by 37?
36
Calculate the remainder when 2595 is divided by 22.
21
What is the remainder when 1305 is divided by 77?
73
What is the remainder when 139 is divided by 25?
14
What is the remainder when 2338 is divided by 772?
22
What is the remainder when 13940 is divided by 24?
20
What is the remainder when 13 is divided by 2?
1
What is the remainder when 35 is divided by 7?
0
Calculate the remainder when 1499 is divided by 583.
333
What is the remainder when 18 is divided by 5?
3
What is the remainder when 364 is divided by 12?
4
What is the remainder when 352 is divided by 36?
28
What is the remainder when 417 is divided by 14?
11
Calculate the remainder when 1700 is divided by 277.
38
What is the remainder when 2619 is divided by 38?
35
What is the remainder when 204 is divided by 197?
7
Calculate the remainder when 231 is divided by 59.
54
What is the remainder when 3365 is divided by 99?
98
Calculate the remainder when 366 is divided by 10.
6
What is the remainder when 155 is divided by 28?
15
Calculate the remainder when 96 is divided by 25.
21
What is the remainder when 198 is divided by 20?
18
What is the remainder when 141 is divided by 32?
13
What is the remainder when 622 is divided by 33?
28
What is the remainder when 131 is divided by 66?
65
Calculate the remainder when 373 is divided by 189.
184
What is the remainder when 838 is divided by 15?
13
What is the remainder when 545 is divided by 492?
53
What is the remainder when 15535 is divided by 17?
14
What is the remainder when 1541 is divided by 64?
5
What is the remainder when 1166 is divided by 15?
11
Calculate the remainder when 151 is divided by 45.
16
What is the remainder when 40318 is divided by 18?
16
What is the remainder when 1721 is divided by 23?
19
What is the remainder when 1077 is divided by 7?
6
What is the remainder when 643 is divided by 17?
14
What is the remainder when 185 is divided by 43?
13
Calculate the remainder when 126 is divided by 31.
2
Calculate the remainder when 1734 is divided by 56.
54
What is the remainder when 1466 is divided by 16?
10
What is the remainder when 458 is divided by 66?
62
Calculate the remainder when 2066 is divided by 11.
9
What is the remainder when 72 is divided by 10?
2
Calculate the remainder when 193 is divided by 90.
13
What is the remainder when 111 is divided by 111?
0
Calculate the remainder when 5440 is divided by 46.
12
Calculate the remainder when 3163 is divided by 397.
384
Calculate the remainder when 615 is divided by 7.
6
Calculate the remainder when 14757 is divided by 369.
366
What is the remainder when 2167 is divided by 62?
59
What is the remainder when 4224 is divided by 18?
12
Calculate the remainder when 901 is divided by 60.
1
What is the remainder when 385 is divided by 65?
60
Calculate the remainder when 17758 is divided by 148.
146
Calculate the remainder when 117 is divided by 33.
18
What is the remainder when 987 is divided by 254?
225
What is the remainder when 36412 is divided by 306?
304
Calculate the remainder when 87 is divided by 11.
10
Calculate the remainder when 255 is divided by 9.
3
Calculate the remainder when 196 is divided by 50.
46
Calculate the remainder when 67 is divided by 5.
2
What is the remainder when 789 is divided by 72?
69
Calculate the remainder when 112 is divided by 19.
17
Calculate the remainder when 